 of 1755033312?
5
What is the hundreds digit of 38953501?
5
What is the thousands digit of 1887090?
7
What is the hundred thousands digit of 26129718?
1
What is the millions digit of 5543597163?
3
What is the tens digit of 604886151?
5
What is the millions digit of 86296784?
6
What is the ten thousands digit of 1309777270?
7
What is the tens digit of 15247880?
8
What is the hundreds digit of 1121443868?
8
What is the units digit of 383698180?
0
What is the hundred thousands digit of 412461785?
4
What is the ten millions digit of 647801292?
4
What is the billions digit of 2268125029?
2
What is the ten millions digit of 452042745?
5
What is the tens digit of 159434009?
0
What is the ten thousands digit of 788093268?
9
What is the millions digit of 332728796?
2
What is the ten millions digit of 167969557?
6
What is the hundred thousands digit of 9254981923?
9
What is the units digit of 192590750?
0
What is the hundreds digit of 485496582?
5
What is the hundred millions digit of 261063932?
2
What is the millions digit of 8651648649?
1
What is the thousands digit of 74624452?
4
What is the hundred thousands digit of 1553894727?
8
What is the ten millions digit of 3147760776?
4
What is the tens digit of 2323524452?
5
What is the millions digit of 7740154991?
0
What is the hundreds digit of 361326259?
2
What is the billions digit of 6236008090?
6
What is the billions digit of 3479917857?
3
What is the hundreds digit of 69310600?
6
What is the millions digit of 4844783100?
4
What is the millions digit of 94920818?
4
What is the ten thousands digit of 16733608?
3
What is the units digit of 4484359731?
1
What is the millions digit of 5026829?
5
What is the units digit of 2698642472?
2
What is the units digit of 6277017361?
1
What is the ten thousands digit of 48953212?
5
What is the ten thousands digit of 722271920?
7
What is the thousands digit of 157997042?
7
What is the units digit of 55011384?
4
What is the hundred thousands digit of 52519923?
5
What is the hundreds digit of 1886397688?
6
What is the millions digit of 221955055?
1
What is the thousands digit of 90114631?
4
What is the hundred millions digit of 416809981?
4
What is the hundreds digit of 1445247209?
2
What is the hundred thousands digit of 906124902?
1
What is the hundreds digit of 102751031?
0
What is the units digit of 800503485?
5
What is the thousands digit of 227436580?
6
What is the millions digit of 618197470?
8
What is the millions digit of 21686580?
1
What is the hundred millions digit of 149291170?
1
What is the ten thousands digit of 238706414?
0
What is the hundred thousands digit of 1508778544?
7
What is the millions digit of 581683501?
1
What is the hundred thousands digit of 26479652?
4
What is the hundred millions digit of 2184605130?
1
What is the thousands digit of 498731295?
1
What is the millions digit of 4980804340?
0
What is the hundred thousands digit of 1919613117?
6
What is the millions digit of 69880960?
9
What is the hundreds digit of 2083445394?
3
What is the units digit of 459758029?
9
What is the hundreds digit of 154551853?
8
What is the ten thousands digit of 18691872?
9
What is the hundred thousands digit of 1262490499?
4
What is the ten millions digit of 1894061020?
9
What is the tens digit of 914969943?
4
What is the hundred thousands digit of 135656077?
6
What is the millions digit of 2592135084?
2
What is the ten thousands digit of 1147696263?
9
What is the hundred millions digit of 663414863?
6
What is the hundred thousands digit of 127671871?
6
What is the hundred millions digit of 1686374239?
6
What is the tens digit of 294442491?
9
What is the hundred thousands digit of 105519052?
5
What is the hundreds digit of 31874278?
2
What is the ten thousands digit of 475936506?
3
What is the millions digit of 32576555?
2
What is the hundred millions digit of 639682372?
6
What is the ten thousands digit of 3365852?
6
What is the hundreds digit of 1374850062?
0
What is the hundred millions digit of 1194763149?
1
What is the units digit of 521680627?
7
What is the ten thousands digit of 1928688669?
8
What is the millions digit of 292750741?
2
What is the hundred millions digit of 126826633?
1
What is the units digit of 63351339?
9
What is the ten thousands digit of 130487380?
8
What is the units digit of 55655749?
9
What is the hundred thousands digit of 1746172274?
1
What is the ten thousands digit of 88327415?
2
What is the tens digit of 383120124?
2
What is the ten thousands digit of 596665109?
6
What is the ten millions digit of 4788673842?
8
What is the ten millions digit of 2750846081?
5
What is the units digit of 4812036962?
2
What is the tens digit of 620144064?
6
What is the hundred millions digit of 212779907?
2
What is the thousands digit of 56927917?
7
What is the millions digit of 90052609?
0
What is the ten millions digit of 493969783?
9
What is the thousands digit of 135236382?
6
What is the hundreds digit of 13158817?
8
What is the hundred millions digit of 942216383?
9
What is the tens digit of 59411826?
2
What is the millions digit of 57742540?
7
What is the thousands digit of 3814019212?
9
What is the hundred thousands digit of 600642370?
6
What is the thousands digit of 6011529663?
9
What is the hundred thousands digit of 4959161?
9
What is the ten millions digit of 44934094?
4
What is the hundreds digit of 1956039751?
7
What is the units digit of 3619486423?
3
What is the billions digit of 1063727170?
1
What is the ten thousands digit of 472197111?
9
What is the ten millions digit of 64391218?
6
What is the hundred thousands digit of 112033482?
0
What is the units digit of 827350063?
3
What is the millions digit of 1528072601?
8
What is the hundred thousands digit of 55988238?
9
What is the thousands digit of 2226738330?
8
What is the hundreds digit of 1623930?
9
What is the hundreds digit of 154026467?
4
What is the units digit of 35916991?
1
What is the hundreds digit of 99869649?
6
What is the ten millions digit of 150997312?
5
What is the millions digit of 517147022?
7
What is the tens digit of 2934796933?
3
What is the ten thousands digit of 26901280?
0
What is the ten thousands digit of 45037603?
3
What is the hundred millions digit of 197077069?
1
What is the ten thousands digit of 51210009?
1
What is the ten millions digit of 543389975?
4
What is the billions digit of 7042303403?
7
What is the hundred thousands digit of 902389693?
3
What is the tens digit of 142099048?
4
What is the tens digit of 925637?
3
What is the ten millions digit of 39532110?
3
What is the units digit of 70197585?
5
What is the hundreds digit of 146818377?
3
What is the billions digit of 1274686332?
1
What is the ten millions digit of 86367111?
8
What is the ten thousands digit of 380920060?
2
What is the millions digit of 36347531?
6
What is the ten millions digit of 105993567?
0
What is the hundred thousands digit of 119384014?
3
What is the thousands digit of 446882640?
2
What is the millions digit of 2011344833?
1
What is the units digit of 2218873329?
9
What is the ten millions digit of 4036637891?
3
What is the ten thousands digit of 314394067?
9
What is the tens digit of 121409501?
0
What is the hundred millions digit of 148021084?
1
What is the tens digit of 1803918100?
0
What is the ten millions digit of 1055557764?
5
What is the ten millions digit of 469849516?
6
What is the hundreds digit of 227449315?
3
What is the hundred thousands digit of 6980353?
9
What is the tens digit of 719793194?
9
What is the millions digit of 29763760?
9
What is the tens digit of 61969571?
7
What is the thousands digit of 484646674?
6
What is the hundreds digit of 1130640?
6
What is the hundreds digit of 217224695?
6
What is the ten thousands digit of 448973527?
7
What is the hundreds digit of 192295509?
5
What is the hundred thousands digit of 749501143?
5
What is the hundred thousands digit of 107503449?
5
What is the hundred thousands digit of 2583213990?
2
What is the units digit of 798208284?
4
What is the hundred millions digit of 932599806?
9
What is the millions digit of 6028680621?
8
What is the ten millions digit of 190693288?
9
What is the hundred thousands digit of 60453672?
4
What is the thousands digit of 5722398736?
8
What is the hundred thousan